at is the hundreds digit of 68737831?
8
What is the ten millions digit of 1314908841?
1
What is the units digit of 169142180?
0
What is the units digit of 162884541?
1
What is the ten millions digit of 48480034?
4
What is the ten thousands digit of 3270878959?
7
What is the millions digit of 527673411?
7
What is the ten thousands digit of 102119548?
1
What is the ten thousands digit of 1379345508?
4
What is the tens digit of 151926190?
9
What is the hundred thousands digit of 46615125?
6
What is the thousands digit of 131865272?
5
What is the units digit of 96035870?
0
What is the thousands digit of 466707232?
7
What is the units digit of 4053125396?
6
What is the units digit of 89161027?
7
What is the ten millions digit of 4515749093?
1
What is the tens digit of 2386285893?
9
What is the tens digit of 69884590?
9
What is the hundred thousands digit of 799991681?
9
What is the units digit of 123969497?
7
What is the ten millions digit of 934118153?
3
What is the billions digit of 3561230427?
3
What is the millions digit of 820923333?
0
What is the hundred millions digit of 133192851?
1
What is the tens digit of 3510557260?
6
What is the millions digit of 96348427?
6
What is the thousands digit of 501100815?
0
What is the hundreds digit of 67049575?
5
What is the hundred millions digit of 8003952608?
0
What is the ten thousands digit of 1793430925?
3
What is the hundreds digit of 81809661?
6
What is the hundred thousands digit of 1537497307?
4
What is the hundreds digit of 40780577?
5
What is the hundred thousands digit of 337053735?
0
What is the ten thousands digit of 6053232965?
3
What is the thousands digit of 137969739?
9
What is the units digit of 6698248363?
3
What is the tens digit of 448469235?
3
What is the ten thousands digit of 63085189?
8
What is the thousands digit of 191567675?
7
What is the thousands digit of 35909387?
9
What is the tens digit of 2717498874?
7
What is the ten thousands digit of 2242017390?
1
What is the units digit of 144190431?
1
What is the hundreds digit of 6308361902?
9
What is the thousands digit of 113122596?
2
What is the hundreds digit of 18781289?
2
What is the billions digit of 3543739485?
3
What is the units digit of 320667073?
3
What is the thousands digit of 175750016?
0
What is the hundred millions digit of 1907229867?
9
What is the ten millions digit of 72594194?
7
What is the hundred millions digit of 121827362?
1
What is the hundred thousands digit of 61327262?
3
What is the thousands digit of 61538290?
8
What is the thousands digit of 78587473?
7
What is the tens digit of 48159776?
7
What is the thousands digit of 59022099?
2
What is the hundred thousands digit of 197701496?
7
What is the tens digit of 19122342?
4
What is the units digit of 8613313869?
9
What is the hundred thousands digit of 1546398439?
3
What is the billions digit of 1060890334?
1
What is the ten millions digit of 253949713?
5
What is the thousands digit of 2509858448?
8
What is the tens digit of 57757412?
1
What is the hundreds digit of 381352324?
3
What is the millions digit of 426416561?
6
What is the millions digit of 103793080?
3
What is the ten thousands digit of 190889363?
8
What is the hundred thousands digit of 7221162850?
1
What is the thousands digit of 37871425?
1
What is the ten millions digit of 66833734?
6
What is the tens digit of 1536380146?
4
What is the tens digit of 869979003?
0
What is the ten thousands digit of 165423891?
2
What is the hundred millions digit of 161144369?
1
What is the hundreds digit of 275454625?
6
What is the ten thousands digit of 104732161?
3
What is the hundred thousands digit of 24409710?
4
What is the tens digit of 186606989?
8
What is the hundred thousands digit of 7033774649?
7
What is the ten thousands digit of 645336920?
3
What is the units digit of 52358710?
0
What is the units digit of 2126935101?
1
What is the ten thousands digit of 435023789?
2
What is the ten millions digit of 17059992?
1
What is the billions digit of 1382375859?
1
What is the thousands digit of 350579802?
9
What is the hundreds digit of 45604874?
8
What is the billions digit of 3303987686?
3
What is the ten millions digit of 17400280?
1
What is the hundred thousands digit of 39463546?
4
What is the ten thousands digit of 6148183654?
8
What is the tens digit of 103065137?
3
What is the hundred thousands digit of 1114555892?
5
What is the hundred millions digit of 153377275?
1
What is the tens digit of 9078499?
9
What is the ten millions digit of 296918902?
9
What is the hundreds digit of 5444477305?
3
What is the units digit of 91643935?
5
What is the millions digit of 202006296?
2
What is the thousands digit of 3317378353?
8
What is the thousands digit of 14999883?
9
What is the hundreds digit of 4842185?
1
What is the hundred thousands digit of 42999730?
9
What is the tens digit of 28302493?
9
What is the tens digit of 142318816?
1
What is the tens digit of 3737693056?
5
What is the hundred millions digit of 2104202348?
1
What is the millions digit of 163340327?
3
What is the ten millions digit of 17795441?
1
What is the hundred thousands digit of 86221402?
2
What is the hundreds digit of 470157893?
8
What is the ten thousands digit of 3615075393?
7
What is the tens digit of 80340925?
2
What is the hundred thousands digit of 75560635?
5
What is the thousands digit of 47379227?
9
What is the millions digit of 33256279?
3
What is the millions digit of 565003337?
5
What is the hundred thousands digit of 261356839?
3
What is the ten thousands digit of 966936459?
3
What is the ten thousands digit of 394975896?
7
What is the tens digit of 224798990?
9
What is the units digit of 282410285?
5
What is the thousands digit of 127781181?
1
What is the hundred thousands digit of 14138462?
1
What is the thousands digit of 93138164?
8
What is the ten millions digit of 527078521?
2
What is the millions digit of 33759035?
3
What is the ten thousands digit of 3806842254?
4
What is the thousands digit of 775513342?
3
What is the hundreds digit of 96850555?
5
What is the thousands digit of 36760314?
0
What is the hundreds digit of 1591535477?
4
What is the units digit of 608535579?
9
What is the hundred thousands digit of 1941132999?
1
What is the hundred millions digit of 242208699?
2
What is the tens digit of 165576196?
9
What is the hundred thousands digit of 3795297279?
2
What is the thousands digit of 12149450?
9
What is the millions digit of 99242155?
9
What is the hundred millions digit of 2438462585?
4
What is the hundred thousands digit of 4250431113?
4
What is the tens digit of 70687468?
6
What is the thousands digit of 1648848226?
8
What is the millions digit of 376408956?
6
What is the tens digit of 4427237025?
2
What is the tens digit of 20247117?
1
What is the thousands digit of 595235415?
5
What is the hundred thousands digit of 309800913?
8
What is the ten thousands digit of 51952554?
5
What is the hundreds digit of 62330448?
4
What is the hundred millions digit of 169370189?
1
What is the hundred thousands digit of 2416808780?
8
What is the hundred thousands digit of 3127497748?
4
What is the ten millions digit of 3827000850?
2
What is the thousands digit of 4773107308?
7
What is the tens digit of 299081754?
5
What is the hundreds digit of 61074293?
2
What is the hundred thousands digit of 78156603?
1
What is the hundreds digit of 57196356?
3
What is the tens digit of 64144853?
5
What is the hundred thousands digit of 736035089?
0
What is the tens digit of 3333743408?
0
What is the hundred thousands digit of 4408369209?
3
What is the hundred thousands digit of 167901677?
9
What is the billions digit of 4749928467?
4
What is the units digit of 393021?
1
What is the hundred millions digit of 124534959?
1
What is the ten millions digit of 638653417?
3
What is the hundred millions digit of 3198800860?
1
What is the thousands digit of 63439072?
9
What is the units digit of 41339581?
1
What is the tens digit of 2938143101?
0
What is the thousands digit of 410607788?
7
What is the ten thousands digit of 104110337?
1
What is the hundreds digit of 2089921254?
2
What is the hundreds digit of 70750728?
7
What is the ten thousands digit of 343017449?
1
What is the hundreds digit of 178626917?
9
What is the hundre